e highest common divisor of 1062 and 3510?
18
Calculate the highest common factor of 22887 and 387.
9
Calculate the highest common divisor of 15192 and 60.
12
Calculate the greatest common factor of 6272 and 70496.
32
Calculate the greatest common divisor of 5920 and 4181.
37
Calculate the highest common divisor of 4584 and 27.
3
Calculate the highest common divisor of 6 and 26862.
6
Calculate the highest common factor of 1590 and 80136.
318
Calculate the greatest common factor of 82 and 1263825.
41
What is the highest common divisor of 530679 and 138?
69
Calculate the greatest common factor of 5324 and 88.
44
What is the highest common factor of 22440 and 1752?
24
Calculate the highest common factor of 1143 and 72.
9
What is the highest common factor of 1341 and 1125?
9
What is the greatest common factor of 181681 and 388?
97
What is the greatest common divisor of 8750 and 400?
50
What is the greatest common divisor of 2002 and 1782?
22
Calculate the highest common divisor of 41884 and 13912.
148
What is the highest common divisor of 20 and 11030?
10
Calculate the greatest common divisor of 231282 and 12.
6
Calculate the highest common factor of 268 and 98356.
268
What is the highest common divisor of 201 and 49379?
67
Calculate the highest common divisor of 30 and 296130.
30
What is the highest common divisor of 24 and 1068492?
12
What is the greatest common factor of 15296 and 384?
64
What is the greatest common divisor of 4810 and 1742?
26
Calculate the highest common divisor of 44781 and 8579.
23
What is the greatest common divisor of 595 and 382245?
85
Calculate the greatest common divisor of 21987 and 14.
7
What is the highest common divisor of 5660 and 476855?
1415
Calculate the highest common divisor of 2394 and 8442.
126
What is the greatest common factor of 2996 and 280?
28
What is the greatest common factor of 4554 and 396?
198
What is the greatest common factor of 69 and 31303?
23
Calculate the highest common factor of 53889 and 627.
33
Calculate the greatest common factor of 23026 and 232.
58
What is the greatest common factor of 55784 and 6650?
38
Calculate the greatest common divisor of 3772621 and 19.
19
Calculate the greatest common divisor of 86397 and 651.
93
Calculate the greatest common divisor of 959 and 71514.
137
What is the greatest common divisor of 2002 and 56511?
91
Calculate the greatest common divisor of 156 and 2172729.
39
Calculate the highest common factor of 4 and 656588.
4
What is the greatest common factor of 854816 and 128?
32
What is the greatest common factor of 974970 and 3726?
1242
Calculate the highest common divisor of 18690 and 6510.
210
What is the greatest common factor of 395 and 1455970?
395
What is the highest common factor of 52510 and 78470?
590
Calculate the greatest common divisor of 864 and 81456.
48
Calculate the highest common factor of 2501 and 488.
61
Calculate the highest common divisor of 11 and 171116.
11
Calculate the highest common divisor of 1290 and 985990.
430
Calculate the highest common divisor of 1921644 and 216.
108
Calculate the greatest common divisor of 978 and 349635.
489
What is the highest common factor of 7 and 69223?
7
What is the highest common factor of 79 and 9083657?
79
Calculate the highest common divisor of 348312 and 48.
24
Calculate the highest common factor of 408 and 1242.
6
Calculate the greatest common divisor of 478 and 296599.
239
What is the greatest common divisor of 2 and 97072?
2
Calculate the greatest common factor of 2949 and 21.
3
What is the greatest common divisor of 169836 and 12?
12
What is the highest common factor of 126777 and 42?
21
Calculate the highest common factor of 152 and 590064.
152
Calculate the highest common divisor of 467481 and 791.
791
What is the highest common divisor of 35832 and 216?
24
What is the highest common factor of 15444 and 90376?
572
Calculate the greatest common divisor of 374 and 25024.
34
What is the highest common divisor of 118610 and 3712?
58
Calculate the highest common factor of 21658 and 2842.
98
Calculate the highest common factor of 3886980 and 300.
60
What is the highest common factor of 7225 and 527?
17
Calculate the highest common factor of 50167 and 1105.
221
What is the greatest common factor of 240 and 223800?
120
What is the highest common divisor of 9764 and 128?
4
What is the highest common factor of 121 and 2647601?
121
Calculate the greatest common divisor of 13794 and 13376.
418
What is the greatest common divisor of 468 and 31876?
52
What is the greatest common factor of 733 and 475717?
733
What is the greatest common divisor of 217 and 8057?
7
Calculate the highest common divisor of 705 and 29375.
235
Calculate the greatest common divisor of 31694 and 901.
53
What is the greatest common divisor of 40924 and 91?
13
What is the greatest common factor of 536 and 16?
8
What is the highest common factor of 46420 and 1100?
220
Calculate the highest common factor of 251 and 644819.
251
Calculate the greatest common factor of 3220548 and 102.
102
What is the greatest common divisor of 351 and 9906?
39
What is the greatest common divisor of 36260 and 343?
49
What is the highest common divisor of 10048 and 768?
64
What is the greatest common factor of 25905 and 4?
1
What is the greatest common divisor of 230 and 287960?
230
What is the highest common factor of 89569 and 301?
43
What is the highest common factor of 851935 and 101?
101
What is the highest common factor of 8855 and 315?
35
Calculate the highest common divisor of 582 and 1431429.
291
What is the highest common divisor of 1314643 and 33?
11
What is the greatest common factor of 37620 and 1130?
10
Calculate the highest common factor of 20 and 468485.
5
What is the greatest common factor of 36 and 52641?
9
What is the highest common divisor of 342 and 75202?
38
What is the highest common factor of 102 and 445230?
102
Calculate the greatest common divisor of 135975 and 530025.
2775
Calculate the highest common divisor of 171 and 623523.
57
What is the greatest common factor of 674620 and 445?
445
What is the greatest common divisor of 68892 and 52?
4
What is the highest common divisor of 210 and 153?
3
Calculate the highest common factor of 456 and 31200.
24
Calculate the greatest common factor of 32333 and 28427.
217
Calculate the highest common divisor of 295 and 340.
5
Calculate the greatest common factor of 303096 and 5709.
519
Calculate the greatest common factor of 5899212 and 990.
198
Calculate the highest common divisor of 172312 and 84728.
952
Calculate the greatest common factor of 12844 and 30476.
76
What is the greatest common factor of 229241 and 4?
1
Calculate the highest common factor of 42 and 699951.
21
What is the highest common factor of 30563 and 1?
1
Calculate the greatest common divisor of 39689 and 23075.
923
What is the greatest common divisor of 56 and 275772?
28
Calculate the greatest common factor of 14 and 209552.
14
Calculate the greatest common divisor of 480 and 3760.
80
Calculate the greatest common divisor of 277 and 9757879.
277
What is the greatest common factor of 15 and 43185?
15
Calculate the highest common factor of 19 and 250705.
19
Calculate the highest common factor of 61139 and 65.
13
What is the greatest common factor of 507 and 225394?
13
Calculate the highest common divisor of 65 and 178282.
13
Calculate the highest common divisor of 17 and 71706.
17
Calculate the highest common divisor of 52 and 31.
1
Calculate the greatest common divisor of 20 and 25790.
10
What is the greatest common factor of 6610 and 50?
10
What is the greatest common divisor of 45864 and 780?
156
What is the highest common divisor of 45 and 494199?
9
Calculate the greatest common divisor of 32088 and 38472.
168
Calculate the greatest common factor of 102276 and 1188.
108
What is the highest common factor of 797 and 54?
1
What is the highest common divisor of 6576 and 560193?
411
What is the greatest common divisor of 2688 and 25712?
16
What is the greatest common factor of 8 and 194972?
4
Calculate the highest common divisor of 45 and 60858.
9
Calculate the greatest common factor of 1464 and 21557400.
1464
What is the highest common factor of 216575 and 75?
25
What is the greatest common factor of 205852 and 2173?